factors of 11326?
2, 7, 809
What are the prime factors of 24041?
29, 829
List the prime factors of 10246.
2, 47, 109
What are the prime factors of 40194?
2, 3, 7, 11, 29
List the prime factors of 834.
2, 3, 139
List the prime factors of 9376.
2, 293
List the prime factors of 1068.
2, 3, 89
List the prime factors of 290.
2, 5, 29
List the prime factors of 1184.
2, 37
What are the prime factors of 12447?
3, 461
List the prime factors of 3467.
3467
List the prime factors of 8744.
2, 1093
What are the prime factors of 2547?
3, 283
List the prime factors of 4764.
2, 3, 397
What are the prime factors of 28477?
28477
What are the prime factors of 33535?
5, 19, 353
What are the prime factors of 1154?
2, 577
List the prime factors of 2171.
13, 167
What are the prime factors of 11351?
11351
What are the prime factors of 36?
2, 3
What are the prime factors of 5547?
3, 43
What are the prime factors of 125323?
11, 11393
What are the prime factors of 13894?
2, 6947
List the prime factors of 1624.
2, 7, 29
What are the prime factors of 25216?
2, 197
List the prime factors of 6357.
3, 13, 163
What are the prime factors of 30636?
2, 3, 23, 37
What are the prime factors of 21845?
5, 17, 257
What are the prime factors of 90?
2, 3, 5
List the prime factors of 101524.
2, 17, 1493
What are the prime factors of 2517?
3, 839
List the prime factors of 1231.
1231
What are the prime factors of 20754?
2, 3, 1153
List the prime factors of 6069.
3, 7, 17
What are the prime factors of 91201?
11, 8291
List the prime factors of 4269.
3, 1423
List the prime factors of 10376.
2, 1297
List the prime factors of 12982.
2, 6491
What are the prime factors of 48611?
48611
List the prime factors of 123.
3, 41
List the prime factors of 49823.
49823
List the prime factors of 3442.
2, 1721
List the prime factors of 93002.
2, 7, 13, 73
List the prime factors of 40114.
2, 31, 647
List the prime factors of 1144.
2, 11, 13
List the prime factors of 3842.
2, 17, 113
List the prime factors of 7824.
2, 3, 163
What are the prime factors of 3935?
5, 787
What are the prime factors of 506?
2, 11, 23
What are the prime factors of 14944?
2, 467
List the prime factors of 13802.
2, 67, 103
List the prime factors of 25975.
5, 1039
What are the prime factors of 13720?
2, 5, 7
What are the prime factors of 3170?
2, 5, 317
What are the prime factors of 59118?
2, 3, 59, 167
List the prime factors of 118153.
7, 16879
What are the prime factors of 1507?
11, 137
What are the prime factors of 1270?
2, 5, 127
List the prime factors of 4276.
2, 1069
List the prime factors of 2119.
13, 163
List the prime factors of 1367.
1367
What are the prime factors of 444?
2, 3, 37
What are the prime factors of 11495?
5, 11, 19
What are the prime factors of 13998?
2, 3, 2333
List the prime factors of 1416.
2, 3, 59
What are the prime factors of 251?
251
List the prime factors of 66421.
127, 523
List the prime factors of 14131.
13, 1087
List the prime factors of 16637.
127, 131
List the prime factors of 15100.
2, 5, 151
What are the prime factors of 2484?
2, 3, 23
What are the prime factors of 15351?
3, 7, 17, 43
What are the prime factors of 1287?
3, 11, 13
List the prime factors of 1349.
19, 71
List the prime factors of 10839.
3, 3613
List the prime factors of 1245.
3, 5, 83
What are the prime factors of 1341?
3, 149
List the prime factors of 50117.
23, 2179
List the prime factors of 3226.
2, 1613
List the prime factors of 25.
5
List the prime factors of 839.
839
List the prime factors of 5462.
2, 2731
What are the prime factors of 1017?
3, 113
List the prime factors of 3272.
2, 409
What are the prime factors of 13199?
67, 197
List the prime factors of 8354.
2, 4177
What are the prime factors of 1971?
3, 73
List the prime factors of 6562.
2, 17, 193
What are the prime factors of 1043?
7, 149
List the prime factors of 47.
47
What are the prime factors of 21467?
21467
What are the prime factors of 16092?
2, 3, 149
List the prime factors of 1253.
7, 179
What are the prime factors of 608?
2, 19
What are the prime factors of 13965?
3, 5, 7, 19
List the prime factors of 2595.
3, 5, 173
What are the prime factors of 23942?
2, 11971
What are the prime factors of 6741?
3, 7, 107
List the prime factors of 1682.
2, 29
List the prime factors of 2750.
2, 5, 11
List the prime factors of 3331.
3331
What are the prime factors of 4867?
31, 157
List the prime factors of 9100.
2, 5, 7, 13
List the prime factors of 2600.
2, 5, 13
What are the prime factors of 23555?
5, 7, 673
List the prime factors of 26589.
3, 8863
What are the prime factors of 955?
5, 191
List the prime factors of 125967.
3, 199, 211
List the prime factors of 745.
5, 149
What are the prime factors of 6266?
2, 13, 241
List the prime factors of 10581.
3, 3527
What are the prime factors of 1143?
3, 127
What are the prime factors of 127953?
3, 7, 677
List the prime factors of 91455.
3, 5, 7, 13, 67
List the prime factors of 3806.
2, 11, 173
What are the prime factors of 2312?
2, 17
List the prime factors of 1476.
2, 3, 41
What are the prime factors of 14023?
37, 379
What are the prime factors of 2611?
7, 373
What are the prime factors of 4016?
2, 251
List the prime factors of 94339.
7, 13477
List the prime factors of 115679.
115679
What are the prime factors of 16536?
2, 3, 13, 53
What are the prime factors of 1392?
2, 3, 29
What are the prime factors of 124402?
2, 62201
List the prime factors of 31543.
31543
What are the prime factors of 120276?
2, 3, 13, 257
List the prime factors of 254.
2, 127
What are the prime factors of 1012?
2, 11, 23
What are the prime factors of 32526?
2, 3, 13, 139
List the prime factors of 2479.
37, 67
List the prime factors of 25293.
3, 8431
List the prime factors of 240.
2, 3, 5
What are the prime factors of 1090?
2, 5, 109
What are the prime factors of 1621?
1621
What are the prime factors of 4596?
2, 3, 383
List the prime factors of 197.
197
List the prime factors of 94.
2, 47
What are the prime factors of 6483?
3, 2161
What are the prime factors of 3312?
2, 3, 23
List the prime factors of 5620.
2, 5, 281
What are the prime factors of 3126?
2, 3, 521
What are the prime factors of 136399?
136399
What are the prime factors of 1906?
2, 953
What are the prime factors of 2065?
5, 7, 59
What are the prime factors of 1880?
2, 5, 47
List the prime factors of 11325.
3, 5, 151
What are the prime factors of 1435?
5, 7, 41
What are the prime factors of 14116?
2, 3529
List the prime factors of 47942.
2, 23971
List the prime factors of 7775.
5, 311
What are the prime factors of 5446?
2, 7, 389
List the prime factors of 53426.
2, 26713
What are the prime factors of 76211?
17, 4483
List the prime factors of 1862.
2, 7, 19
List the prime factors of 2815.
5, 563
What are the prime factors of 12955?
5, 2591
What are the prime factors of 27182?
2, 13591
List the prime factors of 477.
3, 53
What are the prime factors of 34546?
2, 23, 751
What are the prime factors of 81495?
3, 5, 1811
List the prime factors of 6626.
2, 3313
What are the prime factors of 4710?
2, 3, 5, 157
List the prime factors of 468.
2, 3, 13
What are the prime factors of 3264?
2, 3, 17
What are the prime factors of 7?
7
What are the prime factors of 2861?
2861
What are the prime factors of 1776?
2, 3, 37
List the prime factors of 3692.
2, 13, 71
List the prime factors of 2819.
2819
What are the prime factors of 175?
5, 7
What are the prime factors of 62962?
2, 31481
List the prime factors of 1892.
2, 11, 43
What are the prime factors of 18051?
3, 11, 547
What are the prime factors of 1602?
2, 3, 89
List the prime factors of 8831.
8831
List the prime factors of 732.
2, 3, 61
What are the prime factors of 8972?
2, 2243
List the prime factors of 12243.
3, 7, 11, 53
What are the prime factors of 1687?
7, 241
List the prime factors of 53553.
3, 17851
What are the prime factors of 3996?
2, 3, 37
What are the prime factors of 3614?
2, 13, 139
What are the prime factors of 8239?
7, 11, 107
What are the prime factors of 54019?
7, 7717
What are the prime factors of 138442?
2, 69221
What are the prime factors of 4008?
2, 3, 167
What are the prime factors of 21507?
3, 67, 107
List the prime factors of 26075.
5, 7, 149
List the prime factors of 5306.
2, 7, 379
List the prime factors of 6669.
3, 13, 19
What 